 2. Let b be c(-6). Let m(r) = r**3 - r**2 + r. Let u(v) = b*m(v) + l(v). Give u(-1).
5
Let m(x) = 14*x - 24. Let w be m(2). Let h(y) be the second derivative of 5*y - 1/20*y**5 + 0 + 5/6*y**3 - 1/3*y**w + 5/2*y**2. Give h(-5).
5
Suppose 0*r + 3 = -r, -4*j = 5*r - 25. Suppose 4*x - 3 = -a + x, -2*x + j = 2*a. Let c(m) be the third derivative of m**4/24 - m**3/6 - m**2. Calculate c(a).
5
Let s(u) be the first derivative of -u**2/2 + 7*u + 29. Give s(10).
-3
Let t(w) = w + 462*w**2 + 471*w**2 + 13 - w**3 - 1386*w**2 + 454*w**2. Let a(k) = -k + 2. Let g be a(2). What is t(g)?
13
Let r be 3 + -1 + 1 + -2. Let t(f) = 19*f + 5. Let l(g) be the second derivative of -3*g**3/2 - g**2 + 3*g. Let d(m) = 5*l(m) + 2*t(m). What is d(r)?
-7
Suppose 25*u = 30*u - 5. Let s(v) = -v + 3. What is s(u)?
2
Let u(i) be the third derivative of 5*i**4/24 - i**2. Let q be 1/16 + (-969)/912. What is u(q)?
-5
Suppose -16 = -10*y - 46. Let k(c) = -2*c + 5. What is k(y)?
11
Let u(y) = 4*y**3 - 3*y**2 - 5*y + 2. Let v(s) = 4*s**3 - 2*s**2 - 4*s + 1. Let o(q) = 2*u(q) - 3*v(q). Calculate o(-1).
3
Let n be ((-1)/(-3))/(1/9). Let u(q) = 4*q + 7. Let i(y) = y. Suppose 3*h + 4*v - 15 = 2*h, -4*h - 2*v = -4. Let m(t) = h*u(t) + n*i(t). Calculate m(0).
-7
Let w(b) be the second derivative of b**5/4 + b**4/12 - b**2/2 - b. Let u be -1 + 9 + 147/(-21). Calculate w(u).
5
Let o(t) = -28*t - 25*t + 60*t - 24*t - 1. Give o(2).
-35
Let f(y) = y**2 + y - 1. Suppose 5*p - 31 = 9. Let x(n) = p - 4 - n - 5. Let s be x(1). Give f(s).
1
Let c(k) = k**3 - 12*k**2 + 9*k + 16. Let s = 452 - 441. Give c(s).
-6
Suppose -3*t + 5 = 2. Let o(x) = x**2 + 2*x + 3. Let k be o(-10). Let f(a) = 1 - 83*a - 6*a**2 + k*a. Determine f(t).
-5
Let s(a) = a**3 + 19*a**2 - 19*a + 22. Let l be s(-20). Let y be (-9)/6 + l - (-35)/14. Let m(h) = -2*h - 1. Determine m(y).
-7
Let y(w) = w**3 + 5*w**2 - 7*w - 2. Let g be y(-6). Let u(j) = 8 - 12 + j - 12 + 15. What is u(g)?
3
Suppose -2*b = -j - 5, 5*j + 0*b + 2*b - 23 = 0. Let i(v) = -j*v - v**3 - 1 - v**2 + 0*v - 3*v + 9*v. Give i(2).
-7
Let d(y) be the first derivative of -2*y**3/3 + 3*y**2/2 + 4*y + 1. Let g be d(3). Let m(k) be the first derivative of -k**2/2 + 5*k + 1454. Give m(g).
10
Let x(a) = a**3 - 10*a**2 + a - 4. Let w be x(10). Let l be -10*((-2)/w)/(4/(-6)). Let r(i) be the third derivative of -i**4/8 - i**3/2 + i**2. Determine r(l).
12
Let i(q) = 3*q + 5. Let a = 37 + -28. Let o(w) = -7*w - 9. Let g(f) = a*i(f) + 4*o(f). Determine g(6).
3
Let c(s) be the second derivative of s + 3/2*s**3 + 0 + 7*s**2 + 3/4*s**4 - 1/20*s**5. Determine c(10).
4
Let n(a) = -1. Suppose 2*v = v + 1. Let t(h) = h**2 - 2*h - 1. Let q(r) = v*t(r) + 3*n(r). Let d = 6 + -3. Calculate q(d).
-1
Let z(h) = -h**3 + 4*h**2 + 7*h - 4. Let m = 19 - 5. Suppose -5*u - 4*w + 41 = 0, 2*u = -0*u - w + m. Calculate z(u).
6
Let o be (4 + 2/2)*-1. Let a(x) = -12*x - 10*x + 12*x - 6 + 5*x. Determine a(o).
19
Let f(i) = -5*i**2 - 7*i + 2. Let v(u) = -u**2 + u + 1. Let a(b) = 15*b**2 + 10*b - 8. Let h(o) = -a(o) - 4*v(o). Let s(r) = -13*f(r) + 6*h(r). Give s(6).
4
Let n be 3/(-9) - (-32)/(-12). Let d be n/9*11*-9. Suppose -6*p + 3 = -d. Let j(c) = c - 4. What is j(p)?
2
Let v = 14 - 12. Suppose g - b + 23 = -v*g, 5*g + 37 = b. Let a = 9 + g. Let l(p) = -7*p. What is l(a)?
-14
Suppose -13*a + 1017 - 978 = 0. Let y(s) be the first derivative of -a + s + 1/2*s**2. Calculate y(-3).
-2
Let r be (-9)/(-4) - (-2)/(-8). Suppose 1 = r*g + 5. Let p(k) be the first derivative of -k**4/4 - 4*k**3/3 - k**2 + k - 2264. Give p(g).
-3
Let g(d) be the first derivative of -d**2/2 + d - 145. Let j(b) = 6*b. Let t be j(1). Let m be t*((-3)/6)/(-1). Determine g(m).
-2
Let w be 150/(-48) + 2/16. Let b(i) = 0*i**2 - 1 - 2*i**2 + 4*i - 6*i. Calculate b(w).
-13
Let t(w) = -w - 3. Let o be (-2)/(-4) + 1/(-2). Let k(y) be the second derivative of -y**5/20 - y**3/6 - 5*y**2/2 - 40*y. Let q be k(o). Determine t(q).
2
Suppose s = -3*s. Suppose 3*j + d - 12 = s, j - 4 = 3*d - 0*d. Let w(v) = -j*v + v - 6 - 5 + 2*v. Give w(-6).
-5
Suppose -4*o + 20 - 8 = 0. Let u = 5 - o. Let x(z) = -3*z - 3*z + z**u + 3*z + 1 - z. What is x(5)?
6
Let w = 1 + 3. Let s(x) = -w*x**2 - 4*x**2 + 4*x**2 + 2*x**2 + x**3. Give s(2).
0
Let i(a) be the second derivative of 0 - 5*a + 0*a**3 - 1/12*a**4 + 1/20*a**5 - 4*a**2. Suppose 2*m = 5*m. Give i(m).
-8
Let q(z) = 4*z**3 - 4*z**2 - z - 10. Let s(o) = -5*o**3 + 4*o**2 + o + 12. Let f(t) = -4*q(t) - 3*s(t). Give f(4).
8
Let v be 3/(-5)*(-21 - -16). Suppose 2*x - x = 3. Let o(y) = -2*y + 3. Let t(q) = q - 3. Let u(z) = x*t(z) + 2*o(z). Calculate u(v).
-6
Let u(i) = i**3 + 8*i**2 - 10*i - 6. Let x be u(-9). Suppose k = 3*k + 5*n + 5, 4*n = -x*k + 3. Let w(h) = -h**3 + 4*h**2 + 5*h + 3. Give w(k).
3
Suppose 0 = -3*m + 3 + 3. Suppose 3 = 5*r - 7. Let g(p) = -p + 5 - 7*p + 11*p**m - 10*p**r. What is g(6)?
-7
Let t(s) = s - 1. Let y be ((-30)/2)/((-36)/24). Let x be 2/10 + 28/y. Suppose n + 3*q = -9, -x*n + 2*n = q + 1. Calculate t(n).
2
Let b(x) = -x**3 - x**2 + 5*x + 2. Let n(i) = i**2 + 3*i - 7. Suppose 19*f = 16*f - 12. Let m be n(f). Calculate b(m).
5
Let b(g) = -23*g - 2*g + 24*g + 9 - 4. Calculate b(-6).
11
Let t(v) = v**3 + v**2 + 1. Let x(o) = -o**3 + 17*o**2 - 31*o + 13. Let w be x(15). Give t(w).
-3
Let l(m) = 1 - 2 + 494*m + m**2 - 493*m + 3. Give l(2).
8
Let q = -16 + 16. Suppose 19*i - 17*i = q. Let l(r) = r**3 - 2*r**3 + r**2 + 7 - 4. Determine l(i).
3
Suppose 3*j - 21 = b, j + 18 = 3*j - 2*b. Let q(g) = g**2 - 5*g - 5. Calculate q(j).
1
Let r = 220 + -225. Let u(y) = -y**3 - 6*y**2 - 5*y + 4. Determine u(r).
4
Let b be (-56)/6 + 6/18. Let m(l) = l**3 + 10*l**2 + 10*l + 9. Determine m(b).
0
Suppose 5*x - 3*m - 55 = 0, 5*m = -4*x + 3*m + 22. Let o(n) = 3*n**2 - 21*n + 8. Let y(b) = b**2 - 7*b + 3. Let h(z) = 6*o(z) - 17*y(z). Calculate h(x).
5
Let x(i) = i**2 - i + 2. Let r be x(0). Let o(k) be the third derivative of -k**6/120 + k**5/30 - k**4/6 + k**3/2 - 850*k**2. Determine o(r).
-5
Let l = 72 - 75. Let z be (-14 + 11)/(l/5). Let v(y) = -y**2 - 11. Let r(d) = d**2 + d + 12. Let b(u) = 5*r(u) + 6*v(u). Determine b(z).
-6
Let l be -1*1*(-1 + 1). Let y be 0 - l - (-9)/(-3). Let h(v) = -v**2 - 2 + 18*v + 2 - 20*v - 2. Calculate h(y).
-5
Let h(v) be the second derivative of 13*v**3/6 + 2*v**2 + 237*v + 1. Determine h(4).
56
Let u(l) = 27*l + 2. Let k(z) = 50*z + 3. Let g(j) = 6*k(j) - 11*u(j). Calculate g(3).
5
Suppose 2*z = -2*z - 12. Let v be (-1)/z - 19/3. Let u(y) = -3*y - 18. Let a(i) = -i - 6. Let n(h) = -11*a(h) + 4*u(h). Give n(v).
0
Let j(g) = -8*g**2 - 3*g - 2. Let a(r) = -3*r - 175. Let b be a(-58). What is j(b)?
-7
Let i(j) = j**3 + 9*j**2 - j - 7. Suppose -3*f - 3*x - 18 = 0, 66 = -5*f + x + 18. What is i(f)?
2
Let x(o) = 0*o + o - 2*o**2 + 1 - 3 + 0*o + o**3. Let n(a) = 40*a + 402. Let b be n(-10). Determine x(b).
0
Suppose 2*o + 3*k = 10, 4*o - k - 4*k + 2 = 0. Let s(b) = -2*b**o - 4 + b**2 + 3*b - 4*b + 0*b. What is s(-3)?
-10
Suppose 4*k = 15 - 15. Suppose 3 = -0*d + 3*d. Let r(j) = -d - 2 - j**2 - 4. Determine r(k).
-7
Let n(d) = -d**2 + 4*d + 3. Suppose -4*v = -2*v + 12. Let l(h) = -h**3 - 7*h**2 - 6*h + 3. Let k be l(v). Suppose 5*w - k - 27 = 0. What is n(w)?
-9
Let q(p) = -273*p + 99*p + 91*p + 10 + 89*p. What is q(-4)?
-14
Suppose 5*b - 16 = b. Let z(p) = p**2 - p. Let m be z(-1). Let v(s) = -3*s**m + 0 - 15*s + 4*s**2 + 10*s + 1. Give v(b).
-3
Let x(r) = -r**2 - 5*r - 3. Let y be (12/(-18))/(2/12). Let p be ((-30)/y)/(6/8). Suppose 3*q + 2 = -p. Give x(q).
1
Let g = -1 - -9. Let w be (-5 - -4)*3 - -4. Let u(j) = -w + 3*j - 3*j**2 - g*j**3 + 3*j**3 + 4*j**3. What is u(-4)?
3
Let i(v) = v**3 + 11*v**2 - v + 7. Let y = 198 - 209. Calculate i(y).
18
Let i(d) = 20*d**2 - d. Suppose -5*y = -20 + 5. Suppose 0 = y*l - 54 + 51. Determine i(l).
19
Suppose 199*z = 227 - 1023. Suppose 0 = -3*y + 2*y + 3. Let i(n) = y - n - 1 + 0*n. What is i(z)?
6
Let p(k) = 11*k - 80. Let u be p(8). Let n(c) = 5*c + 2. Calculate n(u).
42
Let v(a) = 67*a**2 + a - 2. Let k be v(1). Suppose -71*x = -k*x - 10. Let z(r) = -2*r**3 + 3*r**2 - 2*r + 1. Give z(x).
-7
Let i(u) = 3*u**2 - 5*u + 6. Let a(d) = -13*d**2 + 20*d - 24. Let g(p) = 2*a(p) + 9*i(p). Suppose -3 + 51 = -2*z. Let v = z + 28. Determine g(